8520 + 10775867. Is t a prime number?
False
Suppose 0 = -436*r + 445*r - 4824459. Is r a composite number?
False
Let b(l) = 8981*l**2 - 86*l - 76. Is b(9) a composite number?
False
Let n(k) = 5*k - 32. Let l(o) = 6*o + 43. Let p be l(-6). Let r be n(p). Suppose -r*c = -0*c - 9231. Is c a composite number?
True
Let v = 16 + -11. Let l be 4 - ((-18)/3)/((-27)/18). Suppose l = -v*j + 10*j - 805. Is j a composite number?
True
Suppose 2 = 4*z + 2. Suppose -13*f + 5*f - 20808 = z. Let m = -740 - f. Is m a prime number?
True
Suppose -20*z + 3543 + 5717 = 0. Let i = z + 1428. Is i a prime number?
False
Suppose -3*v + 8 = 2*h, -2*h + 16 - 4 = 5*v. Suppose l - 1 = v*p - 0, 3*l = -3*p + 21. Suppose -6*z + 4*z = p*k - 438, 5*z = -4*k + 1095. Is z a prime number?
False
Let j(l) = 191*l**3 - 8*l**2 + 6*l - 17. Let d be j(7). Suppose d = 22*k - 69340. Is k a composite number?
False
Let r be (-521700)/(-65) - 2/13. Let y = r + -3755. Is y prime?
True
Let g(d) = -d**2 + 11*d + 5. Let l(c) = c**2 - 12*c - 5. Let o(v) = -3*g(v) - 4*l(v). Let x be o(15). Is 1212 + (4/x - 1)*-5 composite?
False
Suppose q = 4*w + 301803, 43*q = 39*q - 4*w + 1207252. Is q a composite number?
True
Let f = 3328 + 145. Suppose -f*y + 29395 = -3468*y. Is y prime?
True
Is 206845 - (160/10 + -12) composite?
True
Let l = 39123 + -3114. Suppose r - l = -8*r. Is r composite?
False
Let s(j) = 88*j + 53. Let v(k) = 264*k + 161. Let q(r) = 17*s(r) - 6*v(r). Is q(-10) a prime number?
False
Is -2*(-3)/(-24) - 3274524/(-48) a prime number?
True
Let b be ((-18)/45)/((-6)/15). Let n be ((-6895)/(-25))/(b/5). Suppose -w + n = 4*c, 788 = -3*w + 5*c + 4891. Is w a prime number?
False
Let v be (-5993)/(-39) - 4*(-1)/(-6). Is ((-22)/3)/((-6)/v) a prime number?
False
Let k(t) = -13*t - 1. Let p be k(1). Let x be 228/133 + 2*(-2)/p. Suppose 2722 = 4*w - x*w. Is w prime?
True
Let z(t) = -t**2 + 18*t + 22. Let c be z(19). Suppose 3*d - 584 = 2*d - c*l, 2*d + 4*l - 1168 = 0. Suppose 5*a - d - 341 = 0. Is a a prime number?
False
Suppose 11 + 4 = 5*s, z - 6738 = -4*s. Let p = 14051 + z. Is p composite?
True
Suppose 0 = -73*a + 74*a - c - 7823, -5*c = -30. Is a a composite number?
False
Let w(y) = 89 - 357*y - 176*y - 52*y - 32 - 11. Is w(-5) a prime number?
True
Suppose 103663 = 5*t + 5*v + 12928, 90771 = 5*t - 4*v. Is t a prime number?
False
Suppose 7*y - 3*y - 2*m = 32, 0 = -3*y - m + 14. Is ((-474464)/(-192))/(1/y) composite?
False
Let o = 45 + -42. Suppose l = -o*g - 55, 3*g + 82 - 7 = 3*l. Is (g/(-8)*20)/2 a composite number?
True
Let s(x) = -x**3 + 15*x**2 + 2*x - 10. Let a be s(15). Suppose -6*g = -g - a. Suppose -j - 587 = -f - 3*j, 587 = f - g*j. Is f prime?
True
Is (-1 + 44942/4)/(5/10) a composite number?
False
Is ((-36)/6 - -7463)*(5 - 0) a composite number?
True
Let a be -8*(-15)/(-40)*2. Let q(z) = 98*z**2 - 6*z + 47. Is q(a) prime?
False
Let n be 1 + (-190)/(-10) + -2 + 0. Suppose -n*c + 17*c = -1237. Is c prime?
True
Let m(o) = -68*o - 9. Let d(y) = 68*y + 9. Let c(x) = 3*d(x) + 4*m(x). Is c(-2) a composite number?
False
Let z = 33 + -31. Suppose 3*r + 85 = z*g, -3*g - 5*r + 126 + 30 = 0. Suppose -p - g = -850. Is p composite?
True
Let n be 2/5 + (-74)/10. Let d(v) be the second derivative of -13*v**3/6 - 57*v**2/2 - v - 30. Is d(n) prime?
False
Suppose 0 = 2*p - 1378256 + 170878 - 160594. Is p prime?
False
Let f(t) = t**3 - 5*t**2 + 2. Let l be f(5). Suppose 0 = l*q + 5*c + 1283, 2*c + 14 = 4. Is 1 - (1 + -1) - (q + 43) a prime number?
True
Let v(h) = 12*h - 1. Let w(i) = i**2 + 13*i + 16. Let k be w(-12). Let s be v(k). Let o = 100 - s. Is o composite?
False
Let r = 121 + -114. Suppose 340 = -5*u + r*u. Let g = u + 167. Is g a prime number?
True
Let o(z) = 187*z - 16. Let a(w) = -562*w + 47. Let d(x) = 4*a(x) + 11*o(x). Suppose 0 = 5*h - 16 + 41. Is d(h) a prime number?
True
Let r(z) = 165*z**3 + 5*z**2 + 11. Is r(4) composite?
False
Let o = 3753 + 52096. Is o a composite number?
False
Let f = -3797 + 9949. Let p = f + -1869. Is p a prime number?
True
Suppose 119*g + 1555 = -43189. Suppose 4*b = -14 + 34, 3*b = 3*r - 1596. Let x = g + r. Is x prime?
False
Suppose 5*g = 5*z - 145, -83 = -4*z - 5*g + 33. Let c = z - -155. Suppose -c - 160 = -4*r. Is r composite?
True
Suppose 23*l + 73*l = 12824160. Is l a prime number?
False
Suppose -175950 + 567333 = 9*m. Is m a composite number?
False
Is (15518619/3114)/((-1)/(-2) - 0) prime?
True
Suppose -20*o + 3*v + 19985 = -21*o, -2*o - v = 39975. Is o/(-3 + 1) + -7 prime?
False
Let d(c) = -c**2 + 15*c - 46. Let n be d(11). Is (-2 - (-7 + 19291))/n a prime number?
True
Suppose -5*j + 13158 = -4*x, 3*j = 6*j - x - 7899. Is ((-51)/(-9))/(2/(j*1)) a composite number?
True
Let m = 362061 + 188772. Is m composite?
True
Let r = -10 - -12. Suppose 1248 = 2*m - i - i, r*m = -2*i + 1228. Is m prime?
True
Let b(s) = 461*s - 8089. Is b(100) a composite number?
False
Suppose 652*p - 402*p = 399*p - 140023495. Is p a prime number?
False
Let f(i) = -593*i - 60. Let q be f(-6). Suppose -2*m = 4*m - q. Is m composite?
True
Suppose -6*c + 2*c + 42 = -2*y, -47 = -4*c - 3*y. Let s(o) = 2*o**2 + 4*o - 101. Is s(c) a prime number?
False
Let g = 842003 + -249354. Is g a composite number?
False
Suppose -4*b + 24 - 52 = 0. Let z(k) = 27*k**2 + 10*k + 38. Is z(b) prime?
True
Suppose 1784*w - 1780*w - 536576 = 2*q, -3*w - 2*q = -402425. Is w a composite number?
True
Suppose -4*t + 0*s - 3*s = -204, 20 = 5*s. Suppose 42*n = t*n - 7206. Is n a prime number?
True
Let w be (-30)/165 + 114/22. Suppose w*j = -196 + 5411. Is j composite?
True
Suppose 2*t - 4*t + 88 = 0. Suppose -t = k + 2*k - m, 0 = 5*k + 4*m + 96. Is ((-4804)/k)/(1/12) a composite number?
True
Let f(b) = -24259*b + 1927. Is f(-6) a composite number?
False
Let x(z) = 3195*z + 1715. Is x(114) a composite number?
True
Let u(x) = 23 + 23 + 183*x - 41. Let v(j) = 366*j + 11. Let z(l) = -5*u(l) + 3*v(l). Is z(3) a prime number?
True
Let b = -243894 - -689775. Is b a composite number?
True
Let k be (-111)/74*(-8)/3. Suppose -3*d = -4*b - 5203, 2*d = -k*b - 0*b + 3462. Is d a prime number?
True
Let p = -167221 - -1310678. Is p a composite number?
True
Suppose -5*p = 4*v - 28, 4*p - 2*v = 3*p. Suppose -5*w = 2*o - 4*o - 10813, p*o + 16 = 0. Is w a composite number?
False
Let r = -2 - -5. Suppose -3*p - r*w = -7*p + 199, 4 = -4*w. Suppose 0 = -2*t + 2*i + p + 599, 3*t + 4*i = 965. Is t a prime number?
False
Suppose 20*k - k = 36480. Let n = 119 + k. Is n a composite number?
False
Let i be (-142)/(-16) + (-17)/(-136) + 0. Is ((-56)/(-12))/7 + 36741/i composite?
True
Suppose -2*o + 4*k = -54, -4*o - 3*k + 72 = -2*k. Suppose -o*q + 230358 = -13*q. Is q a composite number?
False
Let y = -675 - -355. Suppose -3*k = 58*w - 59*w - 8774, 2*k - 5845 = 5*w. Let g = k + y. Is g a prime number?
False
Let q = 178 - 176. Suppose -5*w + 2*g + 41289 = 0, -5*g = -q*g + 6. Is w a composite number?
True
Is (1636362/12 - -5)/((-3)/(-6)) a composite number?
False
Is ((-125506)/14)/((-68)/952) prime?
False
Let k(r) = -6*r**3 + 12*r**2 - 25*r + 3. Let n(m) = m**3 + m**2 - m. Let c(o) = -k(o) - 5*n(o). Is c(28) prime?
True
Let b(z) = z**2 + z. Let t(g) = -6*g**2 - 4*g + 4. Let m(s) = -4*b(s) - t(s). Let o = -14 + 23. Is m(o) a prime number?
False
Let i = 334785 - 26350. Is i a composite number?
True
Let f(x) = 590*x - 5. Let b be f(2). Suppose -3*w + b = -3370. Suppose 5*d - w = 6040. Is d composite?
False
Let d(b) = -3*b**2 - 48*b - 189. Let r be d(-9). Let o(y) = -y**3 + 8*y**2 - 4*y - 6. Let q be o(7). Suppose q*m - 13709 - 19036 = r. Is m a composite number?
True
Let j(h) = 249*h**2 - 53*h + 1017. Is j(29) a composite number?
False
Let h be 6/4*(0 - -2). Suppose -t - 53 = 5*i, 0 = -3*i + h*t - 19 - 2. Is (-1266)/i + 1 + (-9)/15 composite?
False
Let o(s) = 223*s - 10. Let p be o(-1). Let m = 364 + p. Is m composite?
False
Suppose 0 = 19*t - 17*t + 4. Let w be (416/(-48))/((-16)/(-9) + t). Suppose -41*q + 434 = -w*q. Is q composite?
True
Suppose 4*c = -0*c - 8. Let d(i) = -2*i**3 - 4*i**2 - 3*i. Let v be d(c). Suppose -j + 133 = v*j. Is j prime?
True
Suppose -80590 - 11090 = 6*t. Let a = -5487 - t. Is a composite?
True
Suppose 306 = t - 39. Let p(n) = -217*n**3 - 2*n**2 + n. Let d be p(1). Let b = d + t. Is b composite?
False
Suppose 3*a + v = -50